 58 + t. Is 5*(0 - x/(-5)) a composite number?
True
Suppose 2*m + m + 2*z = 20, 22 = 3*m + z. Is 1258/m - (-23)/(-92) composite?
False
Let h = 7115 + -5074. Is h a prime number?
False
Let c(n) = -25*n - 7. Let s be c(-8). Let l = s - -686. Is l a prime number?
False
Let n be (-100)/4 - (8 + -4). Let v = 27 + n. Is 2 - v - 7 - -710 a prime number?
False
Suppose -3*b + 7*b + 2*c = -30, 3*b - 5*c = -16. Let p = b + 10. Suppose 349 = 3*n - 5*g, -2*n + 6*n = p*g + 469. Is n a prime number?
False
Is ((-5 - 4) + 3)/(8/(-4516)) prime?
False
Let n(b) = -b**3 + 2*b**2 + b + 10. Let a be n(3). Suppose 32 = a*k + 2*h, -2*h + 7*h = -2*k + 24. Is k a composite number?
False
Let q = -22 + 20. Is (q + 1 + 2)*422 prime?
False
Suppose -223*z = -174*z - 1506946. Is z a prime number?
False
Let h(k) = -13*k**2 + 17*k + 7. Let u(o) = -3*o**2 + 4*o + 2. Let z(d) = 2*h(d) - 9*u(d). Let n be z(4). Suppose n*l - 568 - 1972 = 0. Is l prime?
False
Let n(s) = -15*s - 3. Let i be n(1). Is (-3)/i - 1254/(-36) composite?
True
Let p(v) = 88*v - 46. Let a be (21 + 1)/((-6*2)/(-6)). Is p(a) prime?
False
Let g(j) = j**2 - 6*j + 2. Let k be g(6). Suppose k*h - 1593 = -2*u - 3*h, -4*h = 3*u - 2372. Let n = u - 249. Is n a prime number?
False
Let m = -946 + 1149. Is m composite?
True
Suppose 0 = -9*t + t - 624. Let u = t + 167. Is u a prime number?
True
Let s(d) = d**3 - 22*d**2 - 7*d - 27. Let u be (6/(1 - 7))/((-2)/46). Is s(u) composite?
True
Suppose 3*i = -30 + 336. Suppose 0 = -l + 4*l - i. Is l a composite number?
True
Let i = 8 - 10. Let g(z) = -2*z + 2. Let w be g(i). Suppose -34 = -w*m + 5*m. Is m composite?
True
Let q be ((-2)/3)/(8/120). Let p be 25/10*(-3516)/q. Let l = 1238 - p. Is l a prime number?
True
Let v = -3200 + 5383. Is v prime?
False
Suppose 34034 = y - 3*g, 9*g - 11*g = 3*y - 102091. Is y a prime number?
True
Suppose -49*y = -31596 - 163865. Is y prime?
True
Suppose -22*z + 4107 = 1401. Is z composite?
True
Suppose 5*h + 2 = 7*h. Let d(k) = -2*k**2 + k - 1. Let s be d(h). Let f(p) = -6*p**3 + 2*p**2 - p. Is f(s) composite?
True
Suppose -4*w + 5*a + 8 = 0, 2*w + a - 4*a = 4. Suppose w*p = 683 + 399. Is p a prime number?
True
Let z be 7658/(-3)*15/10. Let r = 1032 - z. Is r prime?
True
Let o(f) = f**3 - f**2 - 2*f + 4. Let b be o(0). Is 767/(2 - b/4) composite?
True
Let u(i) = 2*i**2 - 12*i + 3. Suppose -k = -2*k + 2*o + 13, 0 = 4*o + 4. Is u(k) a prime number?
True
Let n = 2697 + -1624. Is n composite?
True
Let t(d) be the third derivative of -d**5/60 - 3*d**4/4 + 23*d**3/6 - 8*d**2. Is t(-18) prime?
True
Let c(y) = -y**2 - 4*y + 7. Let j be c(-5). Let w(n) = -6*n + 16. Let r be w(-7). Suppose x + r = j*x. Is x prime?
False
Let k = 23 + -19. Suppose 644 = k*u - 0*u. Is u a prime number?
False
Let l = 11 - 6. Let g = l - 3. Is 1 - 2 - (g + -60) composite?
True
Suppose 20481 = 4*q - 15895. Is q a composite number?
True
Suppose -j - z = 4*j - 7, 0 = j - z + 1. Is j + (-17)/15 - (-435210)/450 composite?
False
Let f(u) = -u**3 + 19*u**2 + u - 14. Is f(-7) a prime number?
False
Let b = -1692 + 725. Let y = b + 2022. Is y composite?
True
Let i(v) = v**3 - 29*v**2 + 48*v + 3. Is i(31) prime?
True
Suppose 0 = 4*i - 15165 + 241. Suppose -4254 - i = -5*q. Is q a composite number?
False
Let d(g) = g**2 - g. Let c be d(0). Suppose 0 = -5*z - q + 49, c = 2*z - z + 3*q - 21. Is 2 + 7 - z/3 composite?
True
Let z = -58 + 60. Suppose 5*c - 1563 = z*c. Is c prime?
True
Let k(h) = 4337*h**2 + 3*h - 3. Is k(1) prime?
True
Let l(w) = 5*w**2 + 14 + 0*w - 5 - 5*w - 6. Is l(17) composite?
True
Let f be 4 - -9 - (-5)/(10/(-6)). Let z(x) = 3*x**2 + 13*x + 13. Is z(f) composite?
False
Is (-207)/276 + 16814/8 a composite number?
True
Let d(l) = -19*l**3 - 6*l - 2. Let b be d(-4). Suppose 7 + 23 = 5*y. Suppose 2*q + q - y = 0, -b = -4*c - 5*q. Is c prime?
True
Let m = -190 + 270. Suppose 3*j = 557 - m. Is j composite?
True
Let v be (-28267)/7 + 3/21. Is (5/(-10))/(3/v) prime?
True
Is (-1)/(-5) - (-415368)/135 prime?
False
Let l = 17007 - 8120. Is l a prime number?
True
Is ((-4 - -5) + 1510)*1 prime?
True
Let w(d) = -2232*d + 101. Is w(-1) prime?
True
Let d(a) = -a**2 - 14*a + 16. Let q be d(-15). Let l be ((-6)/(-18))/(q/1338). Suppose -2*w = 2*j - l, 0*j - 3*j - 669 = -3*w. Is w a prime number?
True
Let h(s) = -4*s**3 - 6*s**2 - 5*s**3 - 7*s + 2*s**3 + 6*s**3 - 5. Let i be h(-5). Is 55 + ((-9)/(-3) - i) prime?
True
Let b = 17858 + -235. Is b a prime number?
True
Suppose 4*b + m - 30435 = 0, -8*b + 5*b + 2*m = -22829. Is b prime?
False
Suppose 970 = -5*v + 24380. Suppose -10*u + v = -6828. Is u a composite number?
False
Let w(c) = c**3 - 8*c**2 + 7*c - 27. Let x be w(7). Let f = 184 - x. Is f a prime number?
True
Let i = 707 + 1827. Let h = i - 891. Is h composite?
True
Let h(w) = 316*w**3 + 2*w**2 - 6*w - 5. Let m(n) = 316*n**3 + n**2 - 5*n - 4. Let v(a) = 3*h(a) - 4*m(a). Let l = 75 + -76. Is v(l) prime?
True
Let g be (-2)/3*(-21)/14 - 77. Let m = 51 - g. Is m a composite number?
False
Let p = 9039 - 5740. Is p prime?
True
Let q = 1013 - 7804. Let l = q - -11362. Is l a composite number?
True
Suppose -n + 3*z = -5072, 3*n - 21*z - 15146 = -26*z. Is n a prime number?
False
Let k(d) = -d**3 - 22*d**2 - 15*d - 61. Is k(-27) composite?
False
Suppose -3*j = -4*v - 23, -2*j + 41 = 2*j + 5*v. Suppose -j*g + 14*g = 445. Is g a composite number?
False
Let b = 11131 + -6710. Is b a composite number?
False
Let m be -4 - (-1)/(1/99). Let r = 12 + -28. Let i = r + m. Is i a prime number?
True
Suppose 12 = 2*q + 7*k - 3*k, 4*q - 4*k - 12 = 0. Suppose 0 = 2*d + d - 24. Suppose -d = -4*a, 4*r = q*a - 7*a + 770. Is r prime?
True
Let m(w) = 96*w - 11. Let z = -19 - -23. Is m(z) a composite number?
False
Let b = 6385 + -3978. Is b a prime number?
False
Let v = -1 - -13. Suppose 4*x - x = v. Is 1338/x - (-7)/14 a composite number?
True
Suppose -4*w + 12071 = x - 619, -9526 = -3*w - 5*x. Suppose -z = 5*q - w, 2*q + 3*z + 2549 = 6*q. Is q a prime number?
False
Let z(i) = -10*i + 1. Let a(s) = 11*s - 1. Let r(k) = -3*a(k) - 2*z(k). Let m(w) = -26*w + 1. Let q(o) = -2*m(o) + 5*r(o). Is q(-7) a composite number?
True
Suppose 0 = -5*a - 26 + 496. Let l be 2/2*(a + -3). Is ((-2522)/l)/(1/(-7)) a prime number?
False
Suppose -110*b = -100*b - 338050. Is b a composite number?
True
Suppose 2*k - p = -387, 5*k + 9*p = 4*p - 960. Let y = k + 350. Is y a composite number?
False
Suppose o = 4, -2*g + 127282 = 4*o - 2*o. Is g composite?
True
Let w = -3408 + 9529. Is w composite?
False
Let x(p) = -p**3 + 3*p**2 + 11*p - 5. Let i be x(5). Suppose i = 5*k - 9*k + 2164. Is k a composite number?
False
Let y(h) = h**3 + 39*h**2 + 11*h + 26. Is y(-33) prime?
True
Let f be (3/(-6))/(2/(-8)). Let s be -13 + 3 + f/(-2). Let g = 0 - s. Is g prime?
True
Suppose 0 = -h + 1 - 6, 2*a - h - 9 = 0. Suppose -a*t = -4*t + 1030. Let l = t - 162. Is l a prime number?
True
Is (614/4 - (-3 - -3))*6 a prime number?
False
Is (-32 - -78)*(-3398)/(-4) a prime number?
False
Suppose 2*v = -5*t - 28, -4*v = -3*v - 5*t - 1. Let i be 28/5 + v/15. Suppose 0 = -i*f + 3*y + 803, -f - y = -4 - 163. Is f a prime number?
True
Let o = -10012 - -31845. Is o a composite number?
True
Is ((-27)/(-18))/((-2)/(-6548)) prime?
False
Suppose -3*u = -2*u - 2. Let y be (1/(-2))/(1/(-134)). Suppose v = u*v - y. Is v a composite number?
False
Is (0 + 1)/((-14724)/(-1338) - 11) a prime number?
True
Let f = 13227 - 19487. Is (f/8)/((3/(-1))/6) prime?
False
Let i be (-1434)/((10/(-5))/1). Suppose 10*d = i + 1513. Is d a prime number?
True
Let l = -2 + 7. Suppose 5*g - 5 = l. Suppose 991 = p + 2*p + n, 4*p - g*n - 1308 = 0. Is p composite?
True
Let u(h) = 349*h + 210. Is u(11) composite?
False
Let m(g) = 88*g + 103. Is m(6) composite?
False
Suppose 5*i = 3*r - 18, 22 = 4*r - 5*i + 3. Let o be -7 - (-3 + (r - 2)). Is ((-497)/o + -4)*3 a prime number?
False
Suppose 0 = -4*p + 2*m - 3490, 4370 = -5*p + 3*m + 2*m. Let b = 1742 + p. Suppose -4*s + 997 + b = 0. Is s a prime number?
True
Suppose -5*v + n + 329 = 0, 64 = v - 5*n + 3*n. Let k = -17 + v. Is k a prime number?
False
Suppose 0 = 4*q - 2*q. Suppose -4*g + 0*g + 1968 = q. Let a = g + 139. Is a a prime number?
True
Is ((-63304)/(-20))/((-85)/(-25) + -3) prime?
False
Suppose -f - 4*t - 1078 = -3*f, -5*f = 5*t - 2680. Let 